- 2*x. Calculate y(-1).
-5
Suppose 17*i - 33 = 1. Let g(w) = 4 - 1 + 2*w - w + 7 + i*w. What is g(-4)?
-2
Let h(z) = z**3 - 42*z + 34. Let a be h(6). Let b(j) = -7*j**2 + 4*j + 4. Determine b(a).
-32
Let g(d) be the second derivative of d**5/20 - d**4/6 + d**3/3 - 2*d. Let o be 53/424 - (-46)/16. Give g(o).
15
Let t(u) = -u**3 + 9*u**2 + 11*u + 1. Let a be t(10). Let y(o) = -8*o + 6. Let f(z) = -15*z + 11. Let p(m) = a*y(m) - 6*f(m). Let x = -54 - -52. Calculate p(x).
-4
Let g(q) = -q**3 + 3*q**2 + 2*q - 1. Let v(k) = -14*k**3 + 58*k**2 + 43*k - 23. Let b(h) = -15*g(h) + v(h). Let a = 31 - 43. What is b(a)?
-20
Let k(g) = -14*g**2 - 2 - g**3 - 9*g**2 + 5*g**2 - 6 - 12*g + 8*g**2. Determine k(-9).
19
Let o(y) = -y**2 + 29*y - 73. Let n be o(26). Let x(w) = -8*w - 7*w + 19*w - n*w. What is x(-4)?
4
Let f(x) = 18*x**2 + 5*x + 9. Let k = -23463 - -23461. Give f(k).
71
Let u(z) = -99*z + 2782. Let x(a) = -38*a + 1070. Let p(k) = -12*u(k) + 31*x(k). Calculate p(22).
6
Let o(x) = -x**2 + 11*x - 12. Let g(w) = -w**3 - 23*w**2 - 49*w - 30. Let a be g(-21). Suppose 14*v - 9 = a. What is o(v)?
6
Let x(y) = y**2 - 9*y + 8. Suppose 5*d = 25, -2*d - 2*d + 578 = -3*n. Let b = 196 + n. Determine x(b).
18
Let l(c) = -3*c**3 + 50*c**2 + 45*c + 32. Let r(x) = -x**3 + 17*x**2 + 15*x + 11. Let b(w) = -4*l(w) + 11*r(w). Let s = 48856 - 48842. Determine b(s).
-21
Let d(z) be the first derivative of 37*z**3/3 + 9*z**2 + 61*z + 163. Let o(l) = 13*l**2 + 6*l + 21. Let m(w) = -6*d(w) + 17*o(w). Calculate m(-6).
-9
Let o(m) = -m**2 - 21*m + 27. Let v be (-436)/18 - (70/45)/(-7). What is o(v)?
-45
Suppose -42*n - 9720 = 95*n + 106*n. Let b(o) = 3*o + 114. Give b(n).
-6
Let f be 0 + (2 - 3) + 5. Let j(o) = 2626*o - 1386*o - 1233*o - 8 - 2*o**2. Give j(f).
-12
Let o = 146 - 134. Suppose -15*z = -v - o*z + 18, -3*v - 3*z + 42 = 0. Let k(y) = -y**2 + 13*y + 27. Let i be k(v). Let j(u) = -u**2 - 6*u - 4. Calculate j(i).
5
Let g(n) = -n**3 - 3*n**2 + 15*n + 35. Let v be ((-3933)/(-36))/(-19) + 9*5/60. What is g(v)?
10
Suppose 2462 = x + 2457. Let g(c) = -6*c + 28. Determine g(x).
-2
Let w(m) = m**2 - 5*m - 7. Let h(j) = -11*j**2 - 52*j + 9. Let t be h(-5). Let d(k) = k**3 + 6*k**2 + 6. Let v be d(t). Calculate w(v).
-1
Let g(w) = 21*w + 23. Let r(t) = -37*t - 44. Let m(d) = -7*g(d) - 4*r(d). Determine m(-3).
12
Let t be 5*(0 - -1) + -78 + 78. Let a(y) = y**2 - 6*y - 32. Calculate a(t).
-37
Let b(u) = -u**3 + 26*u**2 + 15*u + 10. Let v(k) = k**3 - 6*k**2 - 16*k + 1. Let w be v(8). Let m(a) = -2*a**2 + a - 1. Let f(g) = w*b(g) + 4*m(g). Give f(19).
6
Let v = -21 + 40. Let k(b) = -v + 4*b + 23 - 5*b + 0*b. Let p = -157 - -165. Calculate k(p).
-4
Let f be (-2 - (-2)/(-4))/(335/(-134)). Suppose 2 = r - 1. Suppose 3*o + 2 + f = r*c, -o + 3 = c. Let n(l) = -12*l**2 - l + 1. Give n(o).
-12
Suppose -5*w + 0*j - j = 18, -w = 4*j - 4. Let d be ((0 - 0) + w)/((-6)/9). Let f(k) = -d*k + k**2 - 3 + 3*k**2 - 2 + k**3 + 4*k. Determine f(-4).
3
Let w(v) = -6. Let h(y) = -y + 5. Let r(k) = -5*h(k) - 4*w(k). Determine r(-3).
-16
Suppose 3*p = p + b + 56, 137 = 5*p - 4*b. Suppose 12*g + p = 17. Let y(o) = 5*o**2 + 3*o + 4. Determine y(g).
6
Let f(n) be the second derivative of -11*n**4/12 - 7*n**3/6 + 5*n**2 - 2090*n. What is f(2)?
-48
Let i(y) = y**3 + 4*y**2 - 23*y - 8. Let f be i(-7). Let a(h) = -h**2 + 41. What is a(f)?
5
Let j be 7 - (-1 + 6 - 6). Let d(h) = 8 - h**2 - 17*h + 7*h + 9*h + j*h. What is d(7)?
8
Let a(b) = b**3 + 34*b**2 - 113*b - 68. Let x be a(-37). Let f = 18 - 6. Suppose 2*h - x*h = f. Let c(p) = p**3 + 4*p**2 - p - 2. Determine c(h).
10
Let p(g) be the second derivative of g**5/10 + g**3/6 - g**2/2 + 1403*g. Suppose -6*v - 2 = -8. Give p(v).
2
Suppose -4*a - 19*j = -13*j - 70, -4*a + 4*j = -60. Let n(t) = -t**3 - 16*t - 5 + 17*t**2 - t**2 + t**2. Calculate n(a).
-5
Suppose 0 = -4*o + 2*o - g - 12, g = 2*o + 12. Let t(u) = u**2 + 2*u - 11. Determine t(o).
13
Let m(v) = -27*v**2 - 4*v - 4. Let y(b) = -4*b**2 - b - 1. Let p(c) = m(c) - 5*y(c). What is p(-1)?
-7
Suppose 51*i + 5*a = 46*i - 15, 3*a + 9 = -5*i. Let f(h) = h**3 - h**2 + 58. What is f(i)?
58
Let m be 5 + -12 + (4 - 7)/(-1). Let y(s) = -s**2 - 3*s + 2. What is y(m)?
-2
Suppose -38*w + 47*w = -31*w + 120. Let v(c) be the second derivative of c**2 + 0 - 1/3*c**w + 1/12*c**4 + 43*c. Give v(-3).
17
Let q(n) = 9*n + 6. Suppose 53*f + 585 = 108. Determine q(f).
-75
Suppose 1502*d = 1493*d. Suppose 19*c - 15*c = -g + 4, -c + g + 1 = d. Let z(t) = 0 - 1 + 0*t + t + 2*t**2. Determine z(c).
2
Let l(v) = 3*v**2 - 5*v - 20. Let y be l(-4). Suppose y = 2*s - 2. Let f(c) = 13*c - 1 - c**3 - s*c - 5*c**2 + 9*c. Determine f(-5).
14
Let k(y) = 17*y - 91. Let z = -4828 + 4834. Give k(z).
11
Let g(f) = -7*f**2 - 18*f + 7. Let h(r) = -22*r**2 - 56*r + 21. Let v(x) = 19*g(x) - 6*h(x). Let y be (100/8)/(-5)*-6. Suppose 2*w + w + y = 0. Give v(w).
12
Let z(k) = k**3 + 11*k**2 + 10*k - 13. Let b be z(-10). Let y(n) = n**3 + 13*n**2 - n - 15. Calculate y(b).
-2
Let t(s) = 694*s + s**2 + 698*s - 2084*s + 701*s - 34. Give t(-12).
2
Let f(v) = v**2 - 5*v - 11. Suppose 384*a - 387*a + 156 = 0. Let g = 61 - a. Give f(g).
25
Suppose -20 - 12 = 27*r - 11*r. Let p(o) = 14*o**3 - o**2 - 3*o - 3. Calculate p(r).
-113
Let r = 2 - 11. Let i(g) = 15*g - 11548 - 5*g + 0*g - 4*g - 4*g + 11545. What is i(r)?
-21
Let o = 25 - 14. Let x(s) = 7 + s - o*s + 11*s. What is x(-5)?
2
Let p(a) = 7*a**2 - 3*a + 4. Suppose 3*g = 6*g - 6. Let o(t) = 7 + 0*t**2 - 6 + t**g - t. Let j(w) = 5*o(w) - p(w). Calculate j(-2).
-3
Let n(w) = 46*w - 3*w**2 - 10 + 10 - 25 + 7*w - 16*w. What is n(12)?
-13
Let x(b) = -2281 - 2407 + 4755 - 16*b. Give x(5).
-13
Let v(c) = c**3 - 10*c**2 + 15*c + 11. Let w be v(8). Let f be (-72)/(-15) + -5 - (-212)/10. Let y(m) = 18 - 20*m - 18 + f*m. Determine y(w).
3
Suppose 8 = 2*t - 2. Let x(z) = 2*z - 455 + 2*z - t*z + 465. Determine x(4).
6
Let u(k) be the second derivative of -3*k**5/20 + k**4/3 - k**3/3 + 2*k**2 - 2*k - 31. What is u(3)?
-47
Let w(z) = -z**3 - 6*z**2 + 7. Suppose 7*i + 188 = -64. Let y be 1/6 - (0 + (-6)/i). Suppose -3*x - 9 - 6 = y. Determine w(x).
-18
Let a(p) = -29*p + 10. Suppose -19 = z + 1473*y - 1478*y, 2*y = -4*z + 12. Calculate a(z).
-19
Let n(j) = -4*j. Let d(h) = -h**3 + h**2 + 9*h - 3. Let c be d(4). Let k(o) = o**2 + 17*o + 31. Let l be k(c). Give n(l).
-4
Let y be (-2)/3*((-63)/(-14))/(-3). Let u(d) = 5*d**2 + 2*d + 2. Let h(q) = 7*q**2 + 2*q + 3. Let w(f) = 3*h(f) - 4*u(f). What is w(y)?
0
Suppose 4*r + 13 = 1, 4*b - 4*r = 64. Suppose 0 = -b*t + 16*t. Let x(c) = c**3 + c**2 - c + 1. What is x(t)?
1
Suppose 4*z - 21 = 3*u, 4*u + 4 - 2 = z. Let j(b) = -5*b**3 + 17*b**2 + 4*b - 7. Let c(i) = i**3 - i**2 - i - 1. Let k(p) = z*c(p) + j(p). Give k(-11).
9
Let v(n) = -22 + 1655*n**2 + 1725*n**2 - 46*n - 3373*n**2 + 3 - 1. Give v(7).
1
Let q = -168 + 172. Let b(a) = -a - q*a - a**2 - 5 + 12*a. Determine b(5).
5
Let n(h) = h**2 + 22*h + 113. Let w be (-7 + (-2 - -8))/(3/27). Determine n(w).
-4
Let f = -18 + 33. Suppose 4*l - f + 3 = 0. Let g(q) be the first derivative of -q**4/4 + 2*q**3/3 + 2*q**2 + 12. Give g(l).
3
Let w(c) = -7*c + 31. Let h(s) = -156*s + 3441. Let r be h(22). Determine w(r).
-32
Let g(i) = -i**3 + 3*i**2 + 3*i + 4. Suppose 2421 = 6*d - 15*d. Let p = -265 - d. What is g(p)?
0
Let g = -218 + 225. Let w be -9 - 14/(5 - g). Let q(r) = 3*r**2 - 4 + 5 + 4*r - r. Give q(w).
7
Let i(a) = -6*a - 120. Let s(n) = -2*n - 39. Let j(z) = 5*i(z) - 16*s(z). Calculate j(-11).
2
Let z(x) = 21*x + 28. Let d(k) = 22*k + 46. Let t(a) = 2*d(a) - 3*z(a). What is t(-1)?
27
Let p(j) be the first derivative of -j**2 + 1/4*j**4 - 86 + 2*j - j**3. Calculate p(3).
-4
Suppose 0 = 262*h - 250*h - 2316. Let x = h - 190. Let n(l) = -l + 2. What is n(x)?
-1
Let w(u) = 4*u**2 + 11*u + 19. Suppose 5 = -2*a - 7, -n - 4*a = 26. What is w(n)?
13
Let r(z) = 3 - 1 - z + 4 - 5. Let n(x) = x**3 - 10*x**2 - 4*x + 39. Let l be n(10). Let j be (1/l)/(2*(-1)/4). Give r(j).
-1
Let u(n) be the third derivative of -n**8/448 - n**5/120 - n**4/8 - 24*n**2. Let c(j) be the second derivative of u(j). Suppose o = -0 - 1. Calculate c(o).
14
Let b be 0 + -7 + 1 + -2. Suppose -18 + 8 = -5*f. Let o(h) = -23*h + h**2 + 3*h + 10*h - f + 20*h. Give o(b).
-